{"id":2717,"date":"2022-03-11T16:02:11","date_gmt":"2022-03-12T00:02:11","guid":{"rendered":"https:\/\/dactrung.com\/blog\/?page_id=2717"},"modified":"2022-03-14T09:08:09","modified_gmt":"2022-03-14T16:08:09","slug":"cac-tac-gia","status":"publish","type":"page","link":"https:\/\/dactrung.com\/blog\/cac-tac-gia\/","title":{"rendered":"C\u00e1c T\u00e1c Gi\u1ea3"},"content":{"rendered":"\t\t<div data-elementor-type=\"wp-page\" data-elementor-id=\"2717\" class=\"elementor elementor-2717\">\n\t\t\t\t\t\t<section class=\"penci-section penci-disSticky penci-structure-10 elementor-section elementor-top-section elementor-element elementor-element-9e3a867 elementor-section-boxed elementor-section-height-default elementor-section-height-default\" data-id=\"9e3a867\" data-element_type=\"section\">\n\t\t\t\t\t\t<div class=\"elementor-container elementor-column-gap-default\">\n\t\t\t\t\t<div class=\"penci-ercol-100 penci-ercol-order-1 penci-sticky-ct    elementor-column elementor-col-100 elementor-top-column elementor-element elementor-element-2c3356d\" data-id=\"2c3356d\" data-element_type=\"column\">\n\t\t\t<div class=\"elementor-widget-wrap elementor-element-populated\">\n\t\t\t\t\t\t<section class=\"penci-section penci-disSticky penci-structure-22 elementor-section elementor-inner-section elementor-element elementor-element-a3378e2 elementor-section-boxed elementor-section-height-default elementor-section-height-default\" data-id=\"a3378e2\" data-element_type=\"section\">\n\t\t\t\t\t\t<div class=\"elementor-container elementor-column-gap-default\">\n\t\t\t\t\t<div class=\"penci-ercol-66 penci-ercol-order-1 penci-sticky-ct    elementor-column elementor-col-66 elementor-inner-column elementor-element elementor-element-bd9d1a6\" data-id=\"bd9d1a6\" data-element_type=\"column\">\n\t\t\t<div class=\"elementor-widget-wrap elementor-element-populated\">\n\t\t\t\t\t\t<div class=\"elementor-element elementor-element-f0aa3b1 elementor-widget elementor-widget-image\" data-id=\"f0aa3b1\" data-element_type=\"widget\" data-widget_type=\"image.default\">\n\t\t\t\t<div class=\"elementor-widget-container\">\n\t\t\t\t\t\t\t\t\t\t\t\t\t\t\t<img fetchpriority=\"high\" decoding=\"async\" width=\"960\" height=\"581\" src=\"https:\/\/dactrung.com\/blog\/wp-content\/uploads\/2022\/03\/girl-1807556_960_720.jpg\" class=\"attachment-large size-large wp-image-2807\" alt=\"\" srcset=\"https:\/\/dactrung.com\/blog\/wp-content\/uploads\/2022\/03\/girl-1807556_960_720.jpg 960w, https:\/\/dactrung.com\/blog\/wp-content\/uploads\/2022\/03\/girl-1807556_960_720-300x182.jpg 300w, https:\/\/dactrung.com\/blog\/wp-content\/uploads\/2022\/03\/girl-1807556_960_720-768x465.jpg 768w, https:\/\/dactrung.com\/blog\/wp-content\/uploads\/2022\/03\/girl-1807556_960_720-585x354.jpg 585w\" sizes=\"(max-width: 960px) 100vw, 960px\" \/>\t\t\t\t\t\t\t\t\t\t\t\t\t\t\t<\/div>\n\t\t\t\t<\/div>\n\t\t\t\t\t<\/div>\n\t\t<\/div>\n\t\t\t\t<div class=\"penci-ercol-33 penci-ercol-order-2 penci-sticky-sb penci-sidebarSC   elementor-column elementor-col-33 elementor-inner-column elementor-element elementor-element-d0cbb59\" data-id=\"d0cbb59\" data-element_type=\"column\">\n\t\t\t<div class=\"elementor-widget-wrap elementor-element-populated\">\n\t\t\t\t\t\t<div class=\"elementor-element elementor-element-84c8199 elementor-widget elementor-widget-wp-widget-wpex_users_grid\" data-id=\"84c8199\" data-element_type=\"widget\" data-widget_type=\"wp-widget-wpex_users_grid.default\">\n\t\t\t\t<div class=\"elementor-widget-container\">\n\t\t\t\t\t<ul class=\"wpex-users-widget wpex-row clr\"><li class=\"\"><a href=\"https:\/\/dactrung.com\/blog\/author\/angie\/\" title=\"Angie Archive\"><div class=\"wpex-users-widget-avatar\"><\/div><div class=\"wpex-users-widget-name entry-title\">Angie<\/div><\/a><\/li><li class=\"\"><a href=\"https:\/\/dactrung.com\/blog\/author\/batsach\/\" title=\"B\u00e1t S\u00e1ch Archive\"><div class=\"wpex-users-widget-avatar\"><\/div><div class=\"wpex-users-widget-name entry-title\">B\u00e1t S\u00e1ch<\/div><\/a><\/li><li class=\"\"><a href=\"https:\/\/dactrung.com\/blog\/author\/catnhu\/\" title=\"c\u00e1t nhu Archive\"><div class=\"wpex-users-widget-avatar\"><\/div><div class=\"wpex-users-widget-name entry-title\">c\u00e1t nhu<\/div><\/a><\/li><li class=\"\"><a href=\"https:\/\/dactrung.com\/blog\/author\/daan\/\" title=\"D\u1ea1 An Archive\"><div class=\"wpex-users-widget-avatar\"><\/div><div class=\"wpex-users-widget-name entry-title\">D\u1ea1 An<\/div><\/a><\/li><li class=\"\"><a href=\"https:\/\/dactrung.com\/blog\/author\/doremi\/\" title=\"DoReMi Archive\"><div class=\"wpex-users-widget-avatar\"><\/div><div class=\"wpex-users-widget-name entry-title\">DoReMi<\/div><\/a><\/li><li class=\"\"><a href=\"https:\/\/dactrung.com\/blog\/author\/frankie\/\" title=\"Nguy\u1ec5n \u0110\u00ecnh Ph\u00f9ng Archive\"><div class=\"wpex-users-widget-avatar\"><\/div><div class=\"wpex-users-widget-name entry-title\">Nguy\u1ec5n \u0110\u00ecnh Ph\u00f9ng<\/div><\/a><\/li><li class=\"\"><a href=\"https:\/\/dactrung.com\/blog\/author\/hxhuongkhuya\/\" title=\"H\u01b0\u01a1ng Khuya X\u01b0a Archive\"><div class=\"wpex-users-widget-avatar\"><\/div><div class=\"wpex-users-widget-name entry-title\">H\u01b0\u01a1ng Khuya X\u01b0a<\/div><\/a><\/li><li class=\"\"><a href=\"https:\/\/dactrung.com\/blog\/author\/maiyeuthuong\/\" title=\"M\u00e3i Y\u00eau Th\u01b0\u01a1ng Archive\"><div class=\"wpex-users-widget-avatar\"><\/div><div class=\"wpex-users-widget-name entry-title\">M\u00e3i Y\u00eau Th\u01b0\u01a1ng<\/div><\/a><\/li><li class=\"\"><a href=\"https:\/\/dactrung.com\/blog\/author\/minhchau\/\" title=\"Nguy\u1ec5n Minh Ch\u00e2u Archive\"><div class=\"wpex-users-widget-avatar\"><\/div><div class=\"wpex-users-widget-name entry-title\">Nguy\u1ec5n Minh Ch\u00e2u<\/div><\/a><\/li><li class=\"\"><a href=\"https:\/\/dactrung.com\/blog\/author\/muaphonui\/\" title=\"M\u01b0a Ph\u1ed1 N\u00fai Archive\"><div class=\"wpex-users-widget-avatar\"><\/div><div class=\"wpex-users-widget-name entry-title\">M\u01b0a Ph\u1ed1 N\u00fai<\/div><\/a><\/li><li class=\"\"><a href=\"https:\/\/dactrung.com\/blog\/author\/nangphale\/\" title=\"N\u1eafng Pha L\u00ea Archive\"><div class=\"wpex-users-widget-avatar\"><\/div><div class=\"wpex-users-widget-name entry-title\">N\u1eafng Pha L\u00ea<\/div><\/a><\/li><li class=\"\"><a href=\"https:\/\/dactrung.com\/blog\/author\/ndqdt\/\" title=\"N\u0110Q\u0110T Archive\"><div class=\"wpex-users-widget-avatar\"><\/div><div class=\"wpex-users-widget-name entry-title\">N\u0110Q\u0110T<\/div><\/a><\/li><li class=\"\"><a href=\"https:\/\/dactrung.com\/blog\/author\/nguyencongtanh\/\" title=\"Nguy\u1ec5n C\u00f4ng T\u00e1nh Archive\"><div class=\"wpex-users-widget-avatar\"><\/div><div class=\"wpex-users-widget-name entry-title\">Nguy\u1ec5n C\u00f4ng T\u00e1nh<\/div><\/a><\/li><li class=\"\"><a href=\"https:\/\/dactrung.com\/blog\/author\/nhuhoa\/\" title=\"Nh\u01b0 Hoa \u1ea4u T\u00edm Archive\"><div class=\"wpex-users-widget-avatar\"><\/div><div class=\"wpex-users-widget-name entry-title\">Nh\u01b0 Hoa \u1ea4u T\u00edm<\/div><\/a><\/li><li class=\"\"><a href=\"https:\/\/dactrung.com\/blog\/author\/ryson\/\" title=\"Ryson Archive\"><div class=\"wpex-users-widget-avatar\"><\/div><div class=\"wpex-users-widget-name entry-title\">Ryson<\/div><\/a><\/li><li class=\"\"><a href=\"https:\/\/dactrung.com\/blog\/author\/taaoxanh\/\" title=\"T\u00e0 \u00c1o Xanh Archive\"><div class=\"wpex-users-widget-avatar\"><\/div><div class=\"wpex-users-widget-name entry-title\">T\u00e0 \u00c1o Xanh<\/div><\/a><\/li><li class=\"\"><a href=\"https:\/\/dactrung.com\/blog\/author\/tanthu\/\" title=\"T\u00e0n Thu Archive\"><div class=\"wpex-users-widget-avatar\"><\/div><div class=\"wpex-users-widget-name entry-title\">T\u00e0n Thu<\/div><\/a><\/li><li class=\"\"><a href=\"https:\/\/dactrung.com\/blog\/author\/thangtram\/\" title=\"Th\u0103ng Tr\u1ea7m Archive\"><div class=\"wpex-users-widget-avatar\"><\/div><div class=\"wpex-users-widget-name entry-title\">Th\u0103ng Tr\u1ea7m<\/div><\/a><\/li><li class=\"\"><a href=\"https:\/\/dactrung.com\/blog\/author\/thanhmai\/\" title=\"Thanh Mai Archive\"><div class=\"wpex-users-widget-avatar\"><\/div><div class=\"wpex-users-widget-name entry-title\">Thanh Mai<\/div><\/a><\/li><li class=\"\"><a href=\"https:\/\/dactrung.com\/blog\/author\/thuylinh\/\" title=\"Th\u00f9y Linh Archive\"><div class=\"wpex-users-widget-avatar\"><\/div><div class=\"wpex-users-widget-name entry-title\">Th\u00f9y Linh<\/div><\/a><\/li><li class=\"\"><a href=\"https:\/\/dactrung.com\/blog\/author\/trucdang\/\" title=\"Tr\u00fac \u0110\u0103ng Archive\"><div class=\"wpex-users-widget-avatar\"><\/div><div class=\"wpex-users-widget-name entry-title\">Tr\u00fac \u0110\u0103ng<\/div><\/a><\/li><\/ul>\t\t\t\t<\/div>\n\t\t\t\t<\/div>\n\t\t\t\t\t<\/div>\n\t\t<\/div>\n\t\t\t\t\t<\/div>\n\t\t<\/section>\n\t\t\t\t\t<\/div>\n\t\t<\/div>\n\t\t\t\t\t<\/div>\n\t\t<\/section>\n\t\t\t\t<\/div>\n\t\t","protected":false},"excerpt":{"rendered":"","protected":false},"author":1,"featured_media":2807,"parent":0,"menu_order":0,"comment_status":"closed","ping_status":"closed","template":"","meta":{"_acf_changed":false,"footnotes":""},"class_list":["post-2717","page","type-page","status-publish","has-post-thumbnail","hentry"],"acf":[],"_links":{"self":[{"href":"https:\/\/dactrung.com\/blog\/wp-json\/wp\/v2\/pages\/2717","targetHints":{"allow":["GET"]}}],"collection":[{"href":"https:\/\/dactrung.com\/blog\/wp-json\/wp\/v2\/pages"}],"about":[{"href":"https:\/\/dactrung.com\/blog\/wp-json\/wp\/v2\/types\/page"}],"author":[{"embeddable":true,"href":"https:\/\/dactrung.com\/blog\/wp-json\/wp\/v2\/users\/1"}],"replies":[{"embeddable":true,"href":"https:\/\/dactrung.com\/blog\/wp-json\/wp\/v2\/comments?post=2717"}],"version-history":[{"count":37,"href":"https:\/\/dactrung.com\/blog\/wp-json\/wp\/v2\/pages\/2717\/revisions"}],"predecessor-version":[{"id":2883,"href":"https:\/\/dactrung.com\/blog\/wp-json\/wp\/v2\/pages\/2717\/revisions\/2883"}],"wp:featuredmedia":[{"embeddable":true,"href":"https:\/\/dactrung.com\/blog\/wp-json\/wp\/v2\/media\/2807"}],"wp:attachment":[{"href":"https:\/\/dactrung.com\/blog\/wp-json\/wp\/v2\/media?parent=2717"}],"curies":[{"name":"wp","href":"https:\/\/api.w.org\/{rel}","templated":true}]}}